se 16, what is -4 - 8bce?
-8bd2
In base 15, what is 11 - -38b?
39c
In base 6, what is -21 + 24150?
24125
In base 6, what is -2 + -312?
-314
In base 8, what is 5 - 151545?
-151540
In base 6, what is 24 + -1102035?
-1102011
In base 15, what is -2e + 71?
42
In base 14, what is 6b8d - -5?
6b94
In base 8, what is 1104 - -76?
1202
In base 15, what is d2e48 - -3?
d2e4b
In base 5, what is -32 + 4303311?
4303224
In base 3, what is -1220210211 + -1022?
-1220212010
In base 8, what is 5075 - -203?
5300
In base 14, what is -4 + -9da7?
-9dab
In base 16, what is 4 + 6daf?
6db3
In base 6, what is -33503 - -23?
-33440
In base 6, what is -32334 + 231?
-32103
In base 15, what is -4 - 5003?
-5007
In base 7, what is 1505613 - -3?
1505616
In base 13, what is -5 - 69a5?
-69aa
In base 7, what is 60 - -21431?
21521
In base 8, what is -3115073 - -4?
-3115067
In base 16, what is -8a241e + 2?
-8a241c
In base 10, what is -33750 + 0?
-33750
In base 10, what is 22 + 7386?
7408
In base 6, what is 23 + -114043?
-114020
In base 16, what is 185 - 42?
143
In base 2, what is -10 - 1000100111010001111?
-1000100111010010001
In base 9, what is -6671 + -1?
-6672
In base 14, what is -3 - 1b238?
-1b23b
In base 9, what is -1 - 6870?
-6871
In base 2, what is 10000000010101111110 + -10?
10000000010101111100
In base 13, what is -93 - 123c?
-1302
In base 7, what is -213130 + 5?
-213122
In base 10, what is -20122 - -12?
-20110
In base 11, what is 0 - 4342?
-4342
In base 14, what is 0 + -12743?
-12743
In base 2, what is -100 - -11001001011?
11001000111
In base 10, what is 23 - 6060?
-6037
In base 14, what is 449b1 + 17?
449c8
In base 11, what is -4 - a49a?
-a4a3
In base 8, what is 654436 + 3?
654441
In base 6, what is -4155352 + 0?
-4155352
In base 16, what is -21 + -27919?
-2793a
In base 2, what is 11011100111001110 + 101?
11011100111010011
In base 11, what is -30a6 + 2a?
-3077
In base 4, what is -22112103312 - 2?
-22112103320
In base 4, what is -22123021 - 3?
-22123030
In base 4, what is -10100003030 - 2?
-10100003032
In base 12, what is 13 + 632?
645
In base 9, what is -100 - -7707?
7607
In base 10, what is -4 - -40257?
40253
In base 7, what is -3 - -20212?
20206
In base 16, what is -4 + 119f5?
119f1
In base 16, what is -b + 5587?
557c
In base 3, what is 21 - 20110112?
-20110021
In base 5, what is -1 + -20413203?
-20413204
In base 8, what is -111563 - -17?
-111544
In base 2, what is 10001110100111 + -1001?
10001110011110
In base 11, what is 261 + 1202?
1463
In base 5, what is 4120303 - -2?
4120310
In base 8, what is -470 + 1264?
574
In base 16, what is 127f + 18?
1297
In base 4, what is -311301 - 2?
-311303
In base 15, what is -5b - 2467?
-24c3
In base 14, what is 3d - -78?
b7
In base 3, what is 2121222 - 200110?
1221112
In base 16, what is 2 - 948b?
-9489
In base 11, what is 194 + -5?
18a
In base 14, what is -26 + 407d?
4057
In base 11, what is 6900 + -5?
68a6
In base 14, what is 4 - -4036b?
40371
In base 6, what is 1 + 10401025?
10401030
In base 15, what is 0 - -5d41?
5d41
In base 15, what is 602 - ae?
543
In base 7, what is 4045 + -1325?
2420
In base 9, what is -186 - 25?
-222
In base 7, what is -5 + -264105?
-264113
In base 9, what is -1 - -174070?
174068
In base 5, what is 2224012 + -3?
2224004
In base 3, what is -1022 + 12221022?
12220000
In base 15, what is 1585e + -9?
15855
In base 5, what is -1142220 - -3?
-1142212
In base 10, what is 1 - -22564?
22565
In base 9, what is -11 + -30055?
-30066
In base 7, what is -210 - -1036?
526
In base 15, what is 86e - -dd?
95c
In base 5, what is -11 + 24130122?
24130111
In base 16, what is b87 - 0?
b87
In base 12, what is -4433 + 5?
-442a
In base 12, what is -25 + 23?
-2
In base 15, what is 465 - 24?
441
In base 14, what is -1453b2 + 1?
-1453b1
In base 13, what is 1 + c6aa3?
c6aa4
In base 6, what is -20553411 + 5?
-20553402
In base 12, what is -9 - -11871?
11864
In base 10, what is 115 - -142?
257
In base 6, what is 30001414 + 10?
30001424
In base 3, what is 1010 - 102?
201
In base 16, what is -7d55 + 0?
-7d55
In base 4, what is 3003 - -220330?
223333
In base 13, what is -3 + -4cb35?
-4cb38
In base 5, what is 100021 + -20?
100001
In base 10, what is -33 + -224?
-257
In base 14, what is 30c5 + -1?
30c4
In base 3, what is 1 + -201122211220?
-201122211212
In base 11, what is 4 - 139191?
-139188
In base 10, what is 105768 + 0?
105768
In base 11, what is 641 + 159?
79a
In base 3, what is 10 - 2010201221101?
-2010201221021
In base 14, what is 0 + 35b?
35b
In base 7, what is -202544 - 4?
-202551
In base 11, what is 204 - 877?
-673
In base 6, what is -25153 + 2211?
-22542
In base 15, what is 542e + 2?
5431
In base 15, what is 2e - 23?
b
In base 11, what is 84 + 568?
641
In base 2, what is 111 - 1011001110011?
-1011001101100
In base 9, what is -1237466 + -8?
-1237475
In base 9, what is -35 - 17821?
-17856
In base 4, what is -202110 + -332?
-203102
In base 9, what is -1 + -1118?
-1120
In base 14, what is -4 + -9c?
-a2
In base 12, what is -4740452 - 5?
-4740457
In base 7, what is -3 + -2466631?
-2466634
In base 3, what is 20001001100 - 10?
20001001020
In base 11, what is 3 + 33141?
33144
In base 12, what is -a262 - -3?
-a25b
In base 6, what is 14 - 113413?
-113355
In base 10, what is 155273 - -3?
155276
In base 12, what is 2 + 128bb?
12901
In base 4, what is -13211 - 322302?
-1002113
In base 16, what is -1 - -135b?
135a
In base 8, what is 1700456 - -6?
1700464
In base 15, what is 21e44 + 1a?
21e5e
In base 12, what is -aa4 - 629?
-1511
In base 9, what is -3 + 12752?
12748
In base 11, what is a12 - 16?
9a7
In base 14, what is a - -6bb0?
6bba
In base 8, what is 27 - 114053?
-114024
In base 13, what is 2c34 + -b?
2c26
In base 6, what is 1212242 - 1?
1212241
In base 5, what is 2 + -12102101?
-12102044
In base 3, what is 2 - -20121100?
20121102
In base 4, what is -132232122 + -122?
-132232310
In base 10, what is -4 - 12950?
-12954
In base 5, what is 111403 - 4?
111344
In base 10, what is 3 - 127851?
-127848
In base 7, what is -12365 - -2126?
-10236
In base 16, what is 36c - -55?
3c1
In base 15, what is -12 - -bd?
ab
In base 12, what is 31 + -3a252?
-3a221
In base 13, what is 957 - 147?
810
In base 6, what is 1 - -134353?
134354
In base 9, what is 4 + -15673?
-15668
In base 13, what is -903 + 21?
-8b2
In base 3, what is -22201 - -212?
-21212
In base 8, what is 25636 + 425?
26263
In base 16, what is -2 - 148b?
-148d
In base 5, what is -2020 - -311?
-1204
In base 12, what is -43b8 + 6?
-43b2
In base 12, what is 3346 + -4?
3342
In base 14, what is 2c51 + 1c1?
3032
In base 6, what is 45545 + -352?
45153
In base 14, what is 5a6b - -4?
5a71
In base 9, what is -3 - -44436?
44433
In base 15, what is -8 + -5c0d?
-5c16
In base 13, what is 1b8572 + 1?
1b8573
In base 12, what is 16a3 + 2a?
1711
In base 11, what is -1 + 13a91?
13a90
In base 13, what is -3 - 5920?
-5923
In base 13, what is b543 + -2?
b541
In base 11, what is 41941 - -112?
41a53
In base 10, what is -4242 - 1145?
-5387
In base 7, what is -303 - -203?
-100
In base 13, what is -64 - -518?
484
In base 14, what is 25 + -261?
-23a
In base 15, what is -1d8 - -34?
-1a4
In base 13, what is -15142 + 10?
-15132
In base 4, what is -1301322 + 11020?
-1230302
In base 3, what is 100 + -2101210210?
-2101210110
In base 14, what is 24d8 - -557?
2a51
In base 16, what is -3398 - ae?
-3446
In base 7, what is 26 - 1321134?
-1321105
In base 4, what is -131311 + -131?
-132102
In base 15, what is -87ab - 4?
-87b0
In base 12, what is -2 + -1169b?
-116a1
In base 15, what is -28a - 438?
-6c3
In base 14, what is -4 + 834d?
8349
In base 6, what is 12545 - 253?
12252
In base 6, what is -422430 + -40?
-422510
In base 8, what is -4 - -270033?
270027
In base 4, what is -130022 - 1032?
-131120
In base 13, what is 2285ab + -4?
2285a7
In base 6, what is 3313 - -1343?
5100
In base 2, what is 1101 + -11000100101?
-11000011000
In base 14, what is c614 + 5?
c619
In base 2, what is 10001 + -1111001111110?
-1111001101101
In base 15, what is -112 + 28b?
179
In base 3, what is -11110022111 + -11?
-11110022122
In base 13, what is -114c8 + 0?
-114c8
In base 9, what is 62 + -2535?
-2463
In base 8, what is 67033 + 11?
67044
In base 15, what is 10 - -c32?
c42
In base 4, what is 130233 - 1031?
123202
In base 10, what is 1192 + 7?
1199
In base 16, what is 3